{"id":4,"date":"2016-02-12T07:54:41","date_gmt":"2016-02-12T07:54:41","guid":{"rendered":"http:\/\/demos.famethemes.com\/onepress-oneify\/?page_id=4"},"modified":"2024-09-10T13:37:47","modified_gmt":"2024-09-10T11:37:47","slug":"home","status":"publish","type":"page","link":"https:\/\/www.maryavocat.fr\/","title":{"rendered":""},"content":{"rendered":"<p><img loading=\"lazy\" decoding=\"async\" class=\"size-medium wp-image-1255 aligncenter\" src=\"http:\/\/www.maryavocat.fr\/wp-content\/uploads\/2020\/01\/photo-louisV-285x300.jpg\" alt=\"\" width=\"285\" height=\"300\" srcset=\"https:\/\/www.maryavocat.fr\/wp-content\/uploads\/2020\/01\/photo-louisV-285x300.jpg 285w, https:\/\/www.maryavocat.fr\/wp-content\/uploads\/2020\/01\/photo-louisV-768x808.jpg 768w, https:\/\/www.maryavocat.fr\/wp-content\/uploads\/2020\/01\/photo-louisV-974x1024.jpg 974w\" sizes=\"(max-width: 285px) 100vw, 285px\" \/><\/p>\n<p style=\"text-align: center;\">A la suite d&rsquo;une formation en Sociologie et en Economie, Ma\u00eetre Louis MARY a poursuivi des \u00e9tudes de Droit au sein des universit\u00e9s <em>Paris I Panth\u00e9on-Sorbonne<\/em> et <em>Paris II Panth\u00e9on-Assas<\/em>, avant de\u00a0pr\u00eater serment devant la Cour d&rsquo;Appel de Paris.<\/p>\n<p style=\"text-align: center;\">Il exerce une activit\u00e9 principalement contentieuse dans les domaines du droit social et du droit p\u00e9nal.<\/p>\n<p style=\"text-align: center;\">Apr\u00e8s avoir enseign\u00e9 durant plusieurs ann\u00e9es au sein de l&rsquo;Universit\u00e9 Sorbonne Paris Nord, il est d\u00e9sormais charg\u00e9 d&rsquo;enseignement aupr\u00e8s de l&rsquo;Universit\u00e9 du Havre.<\/p>\n<p style=\"text-align: center;\">Son cabinet est situ\u00e9 130 boulevard de Strasbourg, 76600 Le Havre.<\/p>\n<p style=\"text-align: center;\">Il est Associ\u00e9 du Cercle Des Avocats (https:\/\/lcdavocats.com\/), dont les membres interviennent \u00e9galement dans les domaines du droit de la famille, du droit de la consommation, du droit du contentieux locatif, des proc\u00e9dures d&rsquo;ex\u00e9cutions forc\u00e9es et des saisies immobili\u00e8res.<\/p>\n<p style=\"text-align: center;\"><a href=\"mailto:mary@maryavocat.fr\">mary@maryavocat.fr<\/a><\/p>\n<p style=\"text-align: center;\">T\u00e9l\u00e9phone : 07 81 19 76 43<\/p>\n","protected":false},"excerpt":{"rendered":"<p>A la suite d&rsquo;une formation en Sociologie et en Economie, Ma\u00eetre Louis MARY a poursuivi des \u00e9tudes de Droit au sein des universit\u00e9s Paris I Panth\u00e9on-Sorbonne et Paris II Panth\u00e9on-Assas, avant de\u00a0pr\u00eater serment devant la Cour d&rsquo;Appel de Paris. Il exerce une activit\u00e9 principalement contentieuse dans les domaines du droit social et du droit p\u00e9nal. &hellip; <\/p>\n<p class=\"link-more\"><a href=\"https:\/\/www.maryavocat.fr\/\" class=\"more-link\">Continuer la lecture<span class=\"screen-reader-text\"> de &laquo;&nbsp;&nbsp;&raquo;<\/span><\/a><\/p>\n","protected":false},"author":2,"featured_media":0,"parent":0,"menu_order":0,"comment_status":"closed","ping_status":"closed","template":"","meta":{"footnotes":""},"class_list":["post-4","page","type-page","status-publish","hentry"],"_links":{"self":[{"href":"https:\/\/www.maryavocat.fr\/index.php\/wp-json\/wp\/v2\/pages\/4"}],"collection":[{"href":"https:\/\/www.maryavocat.fr\/index.php\/wp-json\/wp\/v2\/pages"}],"about":[{"href":"https:\/\/www.maryavocat.fr\/index.php\/wp-json\/wp\/v2\/types\/page"}],"author":[{"embeddable":true,"href":"https:\/\/www.maryavocat.fr\/index.php\/wp-json\/wp\/v2\/users\/2"}],"replies":[{"embeddable":true,"href":"https:\/\/www.maryavocat.fr\/index.php\/wp-json\/wp\/v2\/comments?post=4"}],"version-history":[{"count":24,"href":"https:\/\/www.maryavocat.fr\/index.php\/wp-json\/wp\/v2\/pages\/4\/revisions"}],"predecessor-version":[{"id":1285,"href":"https:\/\/www.maryavocat.fr\/index.php\/wp-json\/wp\/v2\/pages\/4\/revisions\/1285"}],"wp:attachment":[{"href":"https:\/\/www.maryavocat.fr\/index.php\/wp-json\/wp\/v2\/media?parent=4"}],"curies":[{"name":"wp","href":"https:\/\/api.w.org\/{rel}","templated":true}]}}

<p><img loading="lazy" decoding="async" class="size-medium wp-image-1255 aligncenter" src="http://www.maryavocat.fr/wp-content/uploads/2020/01/photo-louisV-285x300.jpg" alt="" width="285" height="300" srcset="https://www.maryavocat.fr/wp-content/uploads/2020/01/photo-louisV-285x300.jpg 285w, https://www.maryavocat.fr/wp-content/uploads/2020/01/photo-louisV-768x808.jpg 768w, https://www.maryavocat.fr/wp-content/uploads/2020/01/photo-louisV-974x1024.jpg 974w" sizes="(max-width: 285px) 100vw, 285px" /></p>
<p style="text-align: center;">A la suite d&rsquo;une formation en Sociologie et en Economie, Maître Louis MARY a poursuivi des études de Droit au sein des universités <em>Paris I Panthéon-Sorbonne</em> et <em>Paris II Panthéon-Assas</em>, avant de prêter serment devant la Cour d&rsquo;Appel de Paris.</p>
<p style="text-align: center;">Il exerce une activité principalement contentieuse dans les domaines du droit social et du droit pénal.</p>
<p style="text-align: center;">Après avoir enseigné durant plusieurs années au sein de l&rsquo;Université Sorbonne Paris Nord, il est désormais chargé d&rsquo;enseignement auprès de l&rsquo;Université du Havre.</p>
<p style="text-align: center;">Son cabinet est situé 130 boulevard de Strasbourg, 76600 Le Havre.</p>
<p style="text-align: center;">Il est Associé du Cercle Des Avocats (https://lcdavocats.com/), dont les membres interviennent également dans les domaines du droit de la famille, du droit de la consommation, du droit du contentieux locatif, des procédures d&rsquo;exécutions forcées et des saisies immobilières.</p>
<p style="text-align: center;"><a href="mailto:mary@maryavocat.fr">mary@maryavocat.fr</a></p>
<p style="text-align: center;">Téléphone : 07 81 19 76 43</p>

<p>A la suite d&rsquo;une formation en Sociologie et en Economie, Maître Louis MARY a poursuivi des études de Droit au sein des universités Paris I Panthéon-Sorbonne et Paris II Panthéon-Assas, avant de prêter serment devant la Cour d&rsquo;Appel de Paris. Il exerce une activité principalement contentieuse dans les domaines du droit social et du droit pénal. &hellip; </p>
<p class="link-more"><a href="https://www.maryavocat.fr/" class="more-link">Continuer la lecture<span class="screen-reader-text"> de &laquo;&nbsp;&nbsp;&raquo;</span></a></p>
